{"id":5093,"date":"2018-05-15T11:29:45","date_gmt":"2018-05-15T09:29:45","guid":{"rendered":"https:\/\/bruksela.lodzkie.pl\/?page_id=5093"},"modified":"2018-09-24T10:28:05","modified_gmt":"2018-09-24T08:28:05","slug":"rekrutacja-mets2018","status":"publish","type":"page","link":"https:\/\/bruksela.lodzkie.pl\/en\/rekrutacja-mets2018\/","title":{"rendered":"Targi spo\u017cywcze TAVOLA 2018 w Kortrijk w Belgii"},"content":{"rendered":"<section><div class=\"container\"><div class=\"row\"><section><div class=\"container\"><div class=\"row\"><div class=\"wpb_column vc_column_container col-sm-12  col-xs-mobile-fullwidth\"><div class=\"vc-column-innner-wrapper\"><div class=\"wpd-innner-wrapper\"><p><img loading=\"lazy\" decoding=\"async\" class=\"aligncenter size-full wp-image-4574\" src=\"https:\/\/bruksela.lodzkie.pl\/wp-content\/uploads\/2017\/08\/LOGOTYPY_KOL_EFRR_pl.png\" alt=\"\" width=\"1200\" height=\"212\" srcset=\"https:\/\/bruksela.lodzkie.pl\/wp-content\/uploads\/2017\/08\/LOGOTYPY_KOL_EFRR_pl.png 1200w, https:\/\/bruksela.lodzkie.pl\/wp-content\/uploads\/2017\/08\/LOGOTYPY_KOL_EFRR_pl-150x27.png 150w, https:\/\/bruksela.lodzkie.pl\/wp-content\/uploads\/2017\/08\/LOGOTYPY_KOL_EFRR_pl-600x106.png 600w, https:\/\/bruksela.lodzkie.pl\/wp-content\/uploads\/2017\/08\/LOGOTYPY_KOL_EFRR_pl-768x136.png 768w, https:\/\/bruksela.lodzkie.pl\/wp-content\/uploads\/2017\/08\/LOGOTYPY_KOL_EFRR_pl-1024x181.png 1024w\" sizes=\"auto, (max-width: 1200px) 100vw, 1200px\" \/><\/p>\n<div class=\"margin-ten no-margin-lr clearfix\"><h1 class=\"alt-font heading-style1 brando_heading_1501581395-2-58\">Rekrutacja<\/h1><\/div><p>Reprezentujesz przedsi\u0119biorc\u0119 z sektora M\u015aP z bran\u017cy spo\u017cywczej?<br \/>\nPosiadasz ciekawy produkt spo\u017cywczy b\u0105d\u017a maszyny lub urz\u0105dzenia dla sektora spo\u017cywczego?<br \/>\nChcesz wesprze\u0107 promocj\u0119 gospodarcz\u0105 regionu oraz swoich produkt\u00f3w i us\u0142ug?<\/p>\n<p>Zapraszamy Ci\u0119 do stworzenia z nami wsp\u00f3lnego stoiska wystawienniczego na stoisku Wojew\u00f3dztwa \u0141\u00f3dzkiego podczas mi\u0119dzynarodowych targ\u00f3w spo\u017cywczych TAVOLA 2018, kt\u00f3re odb\u0119d\u0105 si\u0119 w dniach <strong>11-13.03.2018 r.<\/strong> <strong>w Kortrijk w Belgii.<\/strong><\/p>\n<p>Zapraszamy producent\u00f3w \u017cywno\u015bci, maszyn i urz\u0105dze\u0144 dla sektora spo\u017cywczego, w szczeg\u00f3lno\u015bci producent\u00f3w:<\/p>\n<ul>\n<li>napoje bezalkoholowe, w tym dla dzieci, niskos\u0142odzone, soki<\/li>\n<li>napoje alkoholowe<\/li>\n<li>piwa rzemie\u015blnicze, w tym bezalkoholowe<\/li>\n<li>produkty delikatesowe\/premium<\/li>\n<li>mi\u0119so i wyroby mi\u0119sne, w tym dr\u00f3b<\/li>\n<li>produkty w puszkach (ryby, mi\u0119so, owoce i warzywa)<\/li>\n<\/ul>\n<p>Targi TAVOLA nale\u017c\u0105 do najwa\u017cniejszych w Europie targ\u00f3w bran\u017cy spo\u017cywczej, kt\u00f3re stanowi\u0105 miejsce wymiany kontakt\u00f3w pomi\u0119dzy producentami i nabywcami wysokiej jako\u015bci produkt\u00f3w z bran\u017cy spo\u017cywczej. Profil kupuj\u0105cych to zar\u00f3wno hipermarkety, supermarkety, hurtownie zaopatruj\u0105ce hotele, bary i restauracje, jak r\u00f3wnie\u017c kierownicy ma\u0142ych supermarket\u00f3w i sklep\u00f3w ma\u0142o powierzchniowych. Profil targ\u00f3w obejmuje \u017cywno\u015b\u0107 i napoje oraz maszyny i wyposa\u017cenie dla przemys\u0142u spo\u017cywczego.<\/p>\n<p>Zapraszamy do sk\u0142adania formularza zg\u0142oszeniowego, kt\u00f3ry nale\u017cy z\u0142o\u017cy\u0107 <strong>do dnia 20 lutego 2018 r. <u>do godziny 14:00<\/u><\/strong> do siedziby Urz\u0119du Marsza\u0142kowskiego Wojew\u00f3dztwa \u0141\u00f3dzkiego, osobi\u015bcie\/ poczt\u0105 tradycyjn\u0105 \/przesy\u0142k\u0105 kuriersk\u0105 pod adresem: al. Pi\u0142sudskiego 8, 90-051 \u0141\u00f3d\u017a (<strong>z dopiskiem TAVOLA 2018 - Regionalne Biuro Wojew\u00f3dztwa \u0141\u00f3dzkiego w Brukseli<\/strong>) lub przes\u0142a\u0107 w ww. terminie zeskanowany komplet dokument\u00f3w na adres e-mail: <a href=\"mailto:rbwl@lodzkie.pl\">rbwl@lodzkie.pl<\/a>, a nast\u0119pnie niezw\u0142ocznie dostarczy\u0107 orygina\u0142y do siedziby organizatora.<\/p>\n<p>Udzia\u0142 w targach jest mo\u017cliwy dzi\u0119ki realizacji przez Wojew\u00f3dztwo \u0141\u00f3dzkie projektu <strong>\u201e\u0141\u00f3dzkie<br \/>\nw Brukseli \u2013 promuje \u0142\u00f3dzki biznes\u201d <\/strong>dofinansowanego z Funduszy Europejskich w ramach Regionalnego Programu Operacyjnego Wojew\u00f3dztwa \u0141\u00f3dzkiego na lata 2014-2020. Uczestnictwo<br \/>\nw targach stanowi pomoc de minimis dla przedsi\u0119biorc\u00f3w (Dz. U. 2015, poz. 488).<\/p>\n<p>Szczeg\u00f3\u0142owe informacje na temat rekrutacji zawiera <a href=\"https:\/\/bruksela.lodzkie.pl\/wp-content\/uploads\/2018\/02\/Regulamin-uczestnictwa-TAVOLA.pdf\">Regulamin uczestnictwa TAVOLA<\/a> wraz z nast\u0119puj\u0105cymi za\u0142\u0105cznikami:<\/p>\n<p><a href=\"https:\/\/bruksela.lodzkie.pl\/wp-content\/uploads\/2018\/02\/Za\u0142.-nr-1-formularz-zg\u0142oszeniowy-TAVOLA.doc\">Za\u0142. nr 1 - Formularz zg\u0142oszeniowy TAVOLA WORD<\/a><br \/>\n<a href=\"https:\/\/bruksela.lodzkie.pl\/wp-content\/uploads\/2018\/02\/Za\u0142.-nr-1-formularz-zg\u0142oszeniowy-TAVOLA.pdf\">Za\u0142. nr 1 - Formularz zg\u0142oszeniowy TAVOLA PDF<\/a><br \/>\n<a href=\"https:\/\/bruksela.lodzkie.pl\/wp-content\/uploads\/2018\/02\/Za\u0142.-nr-2-Umowa-projekt-TAVOLA.pdf\">Za\u0142. nr 2 - Umowa - projekt TAVOLA<\/a><br \/>\n<a href=\"https:\/\/bruksela.lodzkie.pl\/wp-content\/uploads\/2018\/02\/Za\u0142.-nr-3-Kryteria-wyboru.pdf\">Za\u0142. nr 3 - Kryteria wyboru<\/a><br \/>\n<a href=\"https:\/\/bruksela.lodzkie.pl\/wp-content\/uploads\/2018\/02\/Za\u0142.-nr-4-Formularz-informacji-de-minimis.pdf\">Za\u0142. nr 4 - Formularz informacji (de minimis) PDF<\/a><br \/>\n<a href=\"https:\/\/bruksela.lodzkie.pl\/wp-content\/uploads\/2018\/02\/Za\u0142\u0105cznik-nr-4-formularz-informacji-de-minimis.xls\">Za\u0142. nr 4 - Formularz informacji de minimis EXEL<\/a><a href=\"https:\/\/bruksela.lodzkie.pl\/wp-content\/uploads\/2018\/02\/Za\u0142.-nr-5-Wz\u00f3r-za\u015bwiadczenia.pdf\"><br \/>\nZa\u0142. nr 5 - Wz\u00f3r za\u015bwiadczenia<u><\/u><\/a><\/p>\n<p>Wszelkich niezb\u0119dnych informacji dotycz\u0105cych udzia\u0142u w targach udzielaj\u0105 przedstawiciele organizatora \u2013 Regionalnego Biura Wojew\u00f3dztwa \u0141\u00f3dzkiego w Brukseli: Kazimiera Pomianowska<br \/>\ne-mail: <a href=\"mailto:kazimiera.pomianowska@lodzkie.pl\">kazimiera.pomianowska@lodzkie.pl<\/a>, tel. +32 2 23 96 18 oraz Barbara Siestrze\u0144cewicz-Kuczuk, e-mail: <a href=\"mailto:barbara.siestrzencewicz@lodzkie.pl\">barbara.siestrzencewicz@lodzkie.pl<\/a>, tel. 42 291 97 17.<\/p>\n<\/div><\/div><\/div><\/div><\/div><\/section><\/div><\/div><\/section>","protected":false},"excerpt":{"rendered":"<p>RekrutacjaReprezentujesz przedsi\u0119biorc\u0119 z sektora M\u015aP z bran\u017cy spo\u017cywczej? Posiadasz ciekawy produkt spo\u017cywczy b\u0105d\u017a maszyny lub urz\u0105dzenia dla sektora spo\u017cywczego? Chcesz wesprze\u0107 promocj\u0119 gospodarcz\u0105 regionu oraz swoich produkt\u00f3w i us\u0142ug? Zapraszamy Ci\u0119 do stworzenia z nami wsp\u00f3lnego stoiska wystawienniczego na stoisku Wojew\u00f3dztwa \u0141\u00f3dzkiego podczas mi\u0119dzynarodowych targ\u00f3w spo\u017cywczych TAVOLA 2018, kt\u00f3re odb\u0119d\u0105 si\u0119 w dniach 11-13.03.2018 r. [&hellip;]<\/p>\n","protected":false},"author":9,"featured_media":0,"parent":0,"menu_order":0,"comment_status":"closed","ping_status":"closed","template":"","meta":{"_acf_changed":false,"footnotes":""},"class_list":["post-5093","page","type-page","status-publish","hentry"],"acf":[],"_links":{"self":[{"href":"https:\/\/bruksela.lodzkie.pl\/en\/wp-json\/wp\/v2\/pages\/5093","targetHints":{"allow":["GET"]}}],"collection":[{"href":"https:\/\/bruksela.lodzkie.pl\/en\/wp-json\/wp\/v2\/pages"}],"about":[{"href":"https:\/\/bruksela.lodzkie.pl\/en\/wp-json\/wp\/v2\/types\/page"}],"author":[{"embeddable":true,"href":"https:\/\/bruksela.lodzkie.pl\/en\/wp-json\/wp\/v2\/users\/9"}],"replies":[{"embeddable":true,"href":"https:\/\/bruksela.lodzkie.pl\/en\/wp-json\/wp\/v2\/comments?post=5093"}],"version-history":[{"count":2,"href":"https:\/\/bruksela.lodzkie.pl\/en\/wp-json\/wp\/v2\/pages\/5093\/revisions"}],"predecessor-version":[{"id":5803,"href":"https:\/\/bruksela.lodzkie.pl\/en\/wp-json\/wp\/v2\/pages\/5093\/revisions\/5803"}],"wp:attachment":[{"href":"https:\/\/bruksela.lodzkie.pl\/en\/wp-json\/wp\/v2\/media?parent=5093"}],"curies":[{"name":"wp","href":"https:\/\/api.w.org\/{rel}","templated":true}]}}

Targi spożywcze TAVOLA 2018 w Kortrijk w Belgii

<section><div class="container"><div class="row"><section><div class="container"><div class="row"><div class="wpb_column vc_column_container col-sm-12  col-xs-mobile-fullwidth"><div class="vc-column-innner-wrapper"><div class="wpd-innner-wrapper"><p><img loading="lazy" decoding="async" class="aligncenter size-full wp-image-4574" src="https://bruksela.lodzkie.pl/wp-content/uploads/2017/08/LOGOTYPY_KOL_EFRR_pl.png" alt="" width="1200" height="212" srcset="https://bruksela.lodzkie.pl/wp-content/uploads/2017/08/LOGOTYPY_KOL_EFRR_pl.png 1200w, https://bruksela.lodzkie.pl/wp-content/uploads/2017/08/LOGOTYPY_KOL_EFRR_pl-150x27.png 150w, https://bruksela.lodzkie.pl/wp-content/uploads/2017/08/LOGOTYPY_KOL_EFRR_pl-600x106.png 600w, https://bruksela.lodzkie.pl/wp-content/uploads/2017/08/LOGOTYPY_KOL_EFRR_pl-768x136.png 768w, https://bruksela.lodzkie.pl/wp-content/uploads/2017/08/LOGOTYPY_KOL_EFRR_pl-1024x181.png 1024w" sizes="auto, (max-width: 1200px) 100vw, 1200px" /></p>
<div class="margin-ten no-margin-lr clearfix"><h1 class="alt-font heading-style1 brando_heading_1501581395-2-58">Rekrutacja</h1></div><p>Reprezentujesz przedsiębiorcę z sektora MŚP z branży spożywczej?<br />
Posiadasz ciekawy produkt spożywczy bądź maszyny lub urządzenia dla sektora spożywczego?<br />
Chcesz wesprzeć promocję gospodarczą regionu oraz swoich produktów i usług?</p>
<p>Zapraszamy Cię do stworzenia z nami wspólnego stoiska wystawienniczego na stoisku Województwa Łódzkiego podczas międzynarodowych targów spożywczych TAVOLA 2018, które odbędą się w dniach <strong>11-13.03.2018 r.</strong> <strong>w Kortrijk w Belgii.</strong></p>
<p>Zapraszamy producentów żywności, maszyn i urządzeń dla sektora spożywczego, w szczególności producentów:</p>
<ul>
<li>napoje bezalkoholowe, w tym dla dzieci, niskosłodzone, soki</li>
<li>napoje alkoholowe</li>
<li>piwa rzemieślnicze, w tym bezalkoholowe</li>
<li>produkty delikatesowe/premium</li>
<li>mięso i wyroby mięsne, w tym drób</li>
<li>produkty w puszkach (ryby, mięso, owoce i warzywa)</li>
</ul>
<p>Targi TAVOLA należą do najważniejszych w Europie targów branży spożywczej, które stanowią miejsce wymiany kontaktów pomiędzy producentami i nabywcami wysokiej jakości produktów z branży spożywczej. Profil kupujących to zarówno hipermarkety, supermarkety, hurtownie zaopatrujące hotele, bary i restauracje, jak również kierownicy małych supermarketów i sklepów mało powierzchniowych. Profil targów obejmuje żywność i napoje oraz maszyny i wyposażenie dla przemysłu spożywczego.</p>
<p>Zapraszamy do składania formularza zgłoszeniowego, który należy złożyć <strong>do dnia 20 lutego 2018 r. <u>do godziny 14:00</u></strong> do siedziby Urzędu Marszałkowskiego Województwa Łódzkiego, osobiście/ pocztą tradycyjną /przesyłką kurierską pod adresem: al. Piłsudskiego 8, 90-051 Łódź (<strong>z dopiskiem TAVOLA 2018 - Regionalne Biuro Województwa Łódzkiego w Brukseli</strong>) lub przesłać w ww. terminie zeskanowany komplet dokumentów na adres e-mail: <a href="mailto:rbwl@lodzkie.pl">rbwl@lodzkie.pl</a>, a następnie niezwłocznie dostarczyć oryginały do siedziby organizatora.</p>
<p>Udział w targach jest możliwy dzięki realizacji przez Województwo Łódzkie projektu <strong>„Łódzkie<br />
w Brukseli – promuje łódzki biznes” </strong>dofinansowanego z Funduszy Europejskich w ramach Regionalnego Programu Operacyjnego Województwa Łódzkiego na lata 2014-2020. Uczestnictwo<br />
w targach stanowi pomoc de minimis dla przedsiębiorców (Dz. U. 2015, poz. 488).</p>
<p>Szczegółowe informacje na temat rekrutacji zawiera <a href="https://bruksela.lodzkie.pl/wp-content/uploads/2018/02/Regulamin-uczestnictwa-TAVOLA.pdf">Regulamin uczestnictwa TAVOLA</a> wraz z następującymi załącznikami:</p>
<p><a href="https://bruksela.lodzkie.pl/wp-content/uploads/2018/02/Zał.-nr-1-formularz-zgłoszeniowy-TAVOLA.doc">Zał. nr 1 - Formularz zgłoszeniowy TAVOLA WORD</a><br />
<a href="https://bruksela.lodzkie.pl/wp-content/uploads/2018/02/Zał.-nr-1-formularz-zgłoszeniowy-TAVOLA.pdf">Zał. nr 1 - Formularz zgłoszeniowy TAVOLA PDF</a><br />
<a href="https://bruksela.lodzkie.pl/wp-content/uploads/2018/02/Zał.-nr-2-Umowa-projekt-TAVOLA.pdf">Zał. nr 2 - Umowa - projekt TAVOLA</a><br />
<a href="https://bruksela.lodzkie.pl/wp-content/uploads/2018/02/Zał.-nr-3-Kryteria-wyboru.pdf">Zał. nr 3 - Kryteria wyboru</a><br />
<a href="https://bruksela.lodzkie.pl/wp-content/uploads/2018/02/Zał.-nr-4-Formularz-informacji-de-minimis.pdf">Zał. nr 4 - Formularz informacji (de minimis) PDF</a><br />
<a href="https://bruksela.lodzkie.pl/wp-content/uploads/2018/02/Załącznik-nr-4-formularz-informacji-de-minimis.xls">Zał. nr 4 - Formularz informacji de minimis EXEL</a><a href="https://bruksela.lodzkie.pl/wp-content/uploads/2018/02/Zał.-nr-5-Wzór-zaświadczenia.pdf"><br />
Zał. nr 5 - Wzór zaświadczenia<u></u></a></p>
<p>Wszelkich niezbędnych informacji dotyczących udziału w targach udzielają przedstawiciele organizatora – Regionalnego Biura Województwa Łódzkiego w Brukseli: Kazimiera Pomianowska<br />
e-mail: <a href="mailto:kazimiera.pomianowska@lodzkie.pl">kazimiera.pomianowska@lodzkie.pl</a>, tel. +32 2 23 96 18 oraz Barbara Siestrzeńcewicz-Kuczuk, e-mail: <a href="mailto:barbara.siestrzencewicz@lodzkie.pl">barbara.siestrzencewicz@lodzkie.pl</a>, tel. 42 291 97 17.</p>
</div></div></div></div></div></section></div></div></section>

<p>RekrutacjaReprezentujesz przedsiębiorcę z sektora MŚP z branży spożywczej? Posiadasz ciekawy produkt spożywczy bądź maszyny lub urządzenia dla sektora spożywczego? Chcesz wesprzeć promocję gospodarczą regionu oraz swoich produktów i usług? Zapraszamy Cię do stworzenia z nami wspólnego stoiska wystawienniczego na stoisku Województwa Łódzkiego podczas międzynarodowych targów spożywczych TAVOLA 2018, które odbędą się w dniach 11-13.03.2018 r. [&hellip;]</p>
