{"id":8305,"date":"2021-11-16T13:13:29","date_gmt":"2021-11-16T12:13:29","guid":{"rendered":"https:\/\/bruksela.lodzkie.pl\/?page_id=8305"},"modified":"2021-11-16T14:07:12","modified_gmt":"2021-11-16T13:07:12","slug":"eco-design-w-ramach-zrownowazonego-biznesu-iii-regionalne-spotkanie-interesariuszy","status":"publish","type":"page","link":"https:\/\/bruksela.lodzkie.pl\/en\/nasze-projekty\/ochrona-srodowiska-i-efektywne-gospodarowanie-zasobami-przez-wykorzystanie-instrumentow-cyklu-zycia-produktu-w-realizacji-polityki-regionalnej-lca4regions\/eco-design-w-ramach-zrownowazonego-biznesu-iii-regionalne-spotkanie-interesariuszy\/","title":{"rendered":"(Polski) \u201eECO-DESIGN W RAMACH ZR\u00d3WNOWA\u017bONEGO BIZNESU\u201d &#8211; III REGIONALNE SPOTKANIE INTERESARIUSZY"},"content":{"rendered":"<section ><div class=\"container\"><div class=\"row\"><div class=\"wpb_column vc_column_container col-sm-12  col-xs-mobile-fullwidth\"><div class=\"vc-column-innner-wrapper\"><div class=\"wpd-innner-wrapper\"><p>&nbsp;<\/p>\n<p style=\"text-align: justify;\">W dniu 3.12.2020 r. odby\u0142o si\u0119 trzecie spotkanie interesariuszy w ramach projektu&nbsp; LCA4Regions. Wydarzenie odbywa\u0142o si\u0119 w formule on-line w formie panelu dyskusyjnego jako cz\u0119\u015b\u0107 Europejskiego Forum Gospodarczego 2020 w \u0141odzi. G\u0142\u00f3wne zagadnienia poruszane w dyskusji dotyczy\u0142y ekoprojektowania, jako kluczowego czynnika w analizie cyklu \u017cycia i ochronie \u015brodowiska. W spotkaniu uczestniczyli eksperci, przedstawiciele samorz\u0105du regionu \u0142\u00f3dzkiego oraz oko\u0142o 50 uczestnik\u00f3w online.<\/p>\n<p style=\"text-align: justify;\">Proces eko-projektowania jest jednym z fundament\u00f3w rozwoju gospodarki cyrkulacyjnej. Zgodnie z jej koncepcj\u0105, wp\u0142yw produkowanych wyrob\u00f3w na \u015brodowisko powinien by\u0107 minimalizowany poprzez dob\u00f3r materia\u0142\u00f3w umo\u017cliwiaj\u0105cych ich ponowne wykorzystanie oraz ograniczenie produkcji odpad\u00f3w. &nbsp;Wojew\u00f3dztwo uczestniczy w kilku projektach w tym zakresie. Jednym z nich jest LCA4Regions, kt\u00f3ry koncentruje si\u0119 na ocenie cyklu \u017cycia produktu. Spotkanie ECO-DESIGN W RAMACH ZR\u00d3WNOWA\u017bONEGO BIZNESU moderowa\u0142a Pani prof. Katarzyna Grabowska - Dziekan Wydzia\u0142u Technologii Materia\u0142owych i Wzornictwa Tekstyli\u00f3w Politechniki \u0141\u00f3dzkiej. Wzi\u0119li w nim udzia\u0142 tak\u017ce zaproszeni eksperci: Pani prof. Joanna Kulczycka z Akademii G\u00f3rniczo-Hutniczej w Krakowie, Pan Piotr Brzezi\u0144ski - Dyrektor Biura Bada\u0144 i Rozwoju w VIVE Textile Recycling Company - jednej z najwi\u0119kszych europejskich firm zajmuj\u0105cych si\u0119 recyklingiem tekstyli\u00f3w, Pan dr Rados\u0142aw Dziuba - Dyrektor Instytutu Biopolimer\u00f3w i W\u0142\u00f3kien Chemicznych (IBiWCh) dzia\u0142aj\u0105cego w ramach Sieci Badawczej \"\u0141ukasiewicz\" oraz Pan Bart\u0142omiej Zgorzelski - za\u0142o\u017cyciel firmy BZB Projekt, cz\u0142onek Zarz\u0105du \u0141\u00f3dzkiej Izby Przemys\u0142owo-Handlowej.<\/p>\n<p style=\"text-align: justify;\">Podczas dyskusji interesariusze wymienili si\u0119 wieloma ciekawymi spostrze\u017ceniami. Na przyk\u0142ad IBiWCh prowadzi wiele projekt\u00f3w badawczych i wdro\u017ceniowych, kt\u00f3rych spora cz\u0119\u015b\u0107 dotyczy stricte obszaru ekoprojektowania, g\u0142\u00f3wnie w kontek\u015bcie produkcji opakowa\u0144, biodegradowalno\u015bci i recyklingu.&nbsp; Zaobserwowano wyra\u017an\u0105 mod\u0119 na eko-projektowanie oraz eko-marketing. Pan Piotr Brzezi\u0144ski, jako przedstawiciel przedsi\u0119biorc\u00f3w oraz sektora, kt\u00f3ry d\u0105\u017cy do radykalnego obni\u017cenia ilo\u015bci odpad\u00f3w - zauwa\u017cy\u0142, \u017ce aby firmy by\u0142y wolne od marnotrawienia zasob\u00f3w, niezwykle wa\u017cna jest wsp\u00f3\u0142praca pomi\u0119dzy biznesem, sektorem publicznym i naukowcami. Wyzwaniem pozostaje tu nadal przeniesienie za\u0142o\u017ce\u0144 projektu, czy te\u017c produkcyjnych prototyp\u00f3w z laboratori\u00f3w do skali przemys\u0142owej.<\/p>\n<p style=\"text-align: justify;\">Pani Joanna Kulczycka zwr\u00f3ci\u0142a uwag\u0119, \u017ce w procesie eko-projektowania nale\u017cy uwzgl\u0119dni\u0107 ca\u0142y przysz\u0142y \u0142a\u0144cuch dostaw i wszystkie powi\u0105zania zwi\u0105zane z jego dzia\u0142alno\u015bci\u0105 - dlatego te\u017c konieczne jest podej\u015bcie holistyczne. W \u0142a\u0144cuchu tym nale\u017cy uwzgl\u0119dni\u0107 dostawc\u00f3w lokalnych, co umo\u017cliwi rozw\u00f3j region\u00f3w. Istotne s\u0105 te\u017c kwestie certyfikacji, pozwole\u0144 a tak\u017ce realnej stopy zwrotu z poczynionych w toku eko-projektowania inwestycji. Pan Bart\u0142omiej Zgorzelski podkre\u015bli\u0142, \u017ce jest to szczeg\u00f3lnie wa\u017cne w kontek\u015bcie obszar\u00f3w miejskich, gdzie w\u0142a\u015bnie lokalne spo\u0142eczno\u015bci i dostawcy buduj\u0105 wi\u0119zi ekonomiczne i wzmacniaj\u0105 zaufanie spo\u0142eczne. W trakcie dalszej dyskusji wskazano, \u017ce w ca\u0142ym procesie zmian mo\u017cemy korzysta\u0107 z do\u015bwiadcze\u0144 innych kraj\u00f3w poprzez projekty mi\u0119dzynarodowe.<\/p>\n<p style=\"text-align: justify;\">Uczestnicy spotkania pr\u00f3bowali r\u00f3wnie\u017c odpowiedzie\u0107 na pytania - co jeszcze mo\u017cna zrobi\u0107 z produktem aby by\u0142 bardziej ekologiczny ? Czy d\u0105\u017cy\u0107 do zmniejszenia jego masy? Czy te\u017c zwi\u0119kszy\u0107 udzia\u0142 materia\u0142\u00f3w z recyklingu w produkcji i opakowaniach ? Obecnie wyzwaniem pozostaje transfer technologii z laboratorium do fabryki. W za\u0142o\u017ceniu ma ona eliminowa\u0107 nadmiern\u0105 produkcj\u0119 i konsumpcjonizm na rzecz pe\u0142niejszego wykorzystania d\u00f3br, kt\u00f3re ju\u017c zosta\u0142y wytworzone. Rola recykler\u00f3w wci\u0105\u017c ro\u015bnie, podobnie jak ich znaczenie w eko-projektowaniu. Kolejnym wa\u017cnym obszarem jest edukacja. Niekt\u00f3re uniwersytety maj\u0105 ju\u017c obowi\u0105zkowe seminaria na temat eko-projektowania, kt\u00f3re s\u0105 bardzo popularne w\u015br\u00f3d m\u0142odych ludzi i przedsi\u0119biorc\u00f3w. Jest to z pewno\u015bci\u0105 tak\u017ce szansa dla rozwoju ekologicznych technologii w przysz\u0142o\u015bci. Podsumowuj\u0105c spotkanie prelegenci doszli do wsp\u00f3lnego wniosku, bardzo wa\u017cne jest pokazywanie spo\u0142ecze\u0144stwu namacalnych, a nie tylko abstrakcyjnych przyk\u0142ad\u00f3w eko-projektowania, poniewa\u017c s\u0105 one bardziej sugestywne i przekonuj\u0105ce, ni\u017c sama teoria.<\/p>\n<\/div><\/div><\/div><\/div><\/div><\/section>\n","protected":false},"excerpt":{"rendered":"<p>&nbsp; W dniu 3.12.2020 r. odby\u0142o si\u0119 trzecie spotkanie interesariuszy w ramach projektu&nbsp; LCA4Regions. Wydarzenie odbywa\u0142o si\u0119 w formule on-line w formie panelu dyskusyjnego jako cz\u0119\u015b\u0107 Europejskiego Forum Gospodarczego 2020 w \u0141odzi. G\u0142\u00f3wne zagadnienia poruszane w dyskusji dotyczy\u0142y ekoprojektowania, jako kluczowego czynnika w analizie cyklu \u017cycia i ochronie \u015brodowiska. W spotkaniu uczestniczyli eksperci, przedstawiciele samorz\u0105du [&hellip;]<\/p>\n","protected":false},"author":15,"featured_media":0,"parent":7068,"menu_order":0,"comment_status":"closed","ping_status":"closed","template":"","meta":{"_acf_changed":false,"footnotes":""},"class_list":["post-8305","page","type-page","status-publish","hentry"],"acf":[],"_links":{"self":[{"href":"https:\/\/bruksela.lodzkie.pl\/en\/wp-json\/wp\/v2\/pages\/8305","targetHints":{"allow":["GET"]}}],"collection":[{"href":"https:\/\/bruksela.lodzkie.pl\/en\/wp-json\/wp\/v2\/pages"}],"about":[{"href":"https:\/\/bruksela.lodzkie.pl\/en\/wp-json\/wp\/v2\/types\/page"}],"author":[{"embeddable":true,"href":"https:\/\/bruksela.lodzkie.pl\/en\/wp-json\/wp\/v2\/users\/15"}],"replies":[{"embeddable":true,"href":"https:\/\/bruksela.lodzkie.pl\/en\/wp-json\/wp\/v2\/comments?post=8305"}],"version-history":[{"count":1,"href":"https:\/\/bruksela.lodzkie.pl\/en\/wp-json\/wp\/v2\/pages\/8305\/revisions"}],"predecessor-version":[{"id":8311,"href":"https:\/\/bruksela.lodzkie.pl\/en\/wp-json\/wp\/v2\/pages\/8305\/revisions\/8311"}],"up":[{"embeddable":true,"href":"https:\/\/bruksela.lodzkie.pl\/en\/wp-json\/wp\/v2\/pages\/7068"}],"wp:attachment":[{"href":"https:\/\/bruksela.lodzkie.pl\/en\/wp-json\/wp\/v2\/media?parent=8305"}],"curies":[{"name":"wp","href":"https:\/\/api.w.org\/{rel}","templated":true}]}}

(Polski) „ECO-DESIGN W RAMACH ZRÓWNOWAŻONEGO BIZNESU” &#8211; III REGIONALNE SPOTKANIE INTERESARIUSZY

<section ><div class="container"><div class="row"><div class="wpb_column vc_column_container col-sm-12  col-xs-mobile-fullwidth"><div class="vc-column-innner-wrapper"><div class="wpd-innner-wrapper"><p>&nbsp;</p>
<p style="text-align: justify;">W dniu 3.12.2020 r. odbyło się trzecie spotkanie interesariuszy w ramach projektu&nbsp; LCA4Regions. Wydarzenie odbywało się w formule on-line w formie panelu dyskusyjnego jako część Europejskiego Forum Gospodarczego 2020 w Łodzi. Główne zagadnienia poruszane w dyskusji dotyczyły ekoprojektowania, jako kluczowego czynnika w analizie cyklu życia i ochronie środowiska. W spotkaniu uczestniczyli eksperci, przedstawiciele samorządu regionu łódzkiego oraz około 50 uczestników online.</p>
<p style="text-align: justify;">Proces eko-projektowania jest jednym z fundamentów rozwoju gospodarki cyrkulacyjnej. Zgodnie z jej koncepcją, wpływ produkowanych wyrobów na środowisko powinien być minimalizowany poprzez dobór materiałów umożliwiających ich ponowne wykorzystanie oraz ograniczenie produkcji odpadów. &nbsp;Województwo uczestniczy w kilku projektach w tym zakresie. Jednym z nich jest LCA4Regions, który koncentruje się na ocenie cyklu życia produktu. Spotkanie ECO-DESIGN W RAMACH ZRÓWNOWAŻONEGO BIZNESU moderowała Pani prof. Katarzyna Grabowska - Dziekan Wydziału Technologii Materiałowych i Wzornictwa Tekstyliów Politechniki Łódzkiej. Wzięli w nim udział także zaproszeni eksperci: Pani prof. Joanna Kulczycka z Akademii Górniczo-Hutniczej w Krakowie, Pan Piotr Brzeziński - Dyrektor Biura Badań i Rozwoju w VIVE Textile Recycling Company - jednej z największych europejskich firm zajmujących się recyklingiem tekstyliów, Pan dr Radosław Dziuba - Dyrektor Instytutu Biopolimerów i Włókien Chemicznych (IBiWCh) działającego w ramach Sieci Badawczej "Łukasiewicz" oraz Pan Bartłomiej Zgorzelski - założyciel firmy BZB Projekt, członek Zarządu Łódzkiej Izby Przemysłowo-Handlowej.</p>
<p style="text-align: justify;">Podczas dyskusji interesariusze wymienili się wieloma ciekawymi spostrzeżeniami. Na przykład IBiWCh prowadzi wiele projektów badawczych i wdrożeniowych, których spora część dotyczy stricte obszaru ekoprojektowania, głównie w kontekście produkcji opakowań, biodegradowalności i recyklingu.&nbsp; Zaobserwowano wyraźną modę na eko-projektowanie oraz eko-marketing. Pan Piotr Brzeziński, jako przedstawiciel przedsiębiorców oraz sektora, który dąży do radykalnego obniżenia ilości odpadów - zauważył, że aby firmy były wolne od marnotrawienia zasobów, niezwykle ważna jest współpraca pomiędzy biznesem, sektorem publicznym i naukowcami. Wyzwaniem pozostaje tu nadal przeniesienie założeń projektu, czy też produkcyjnych prototypów z laboratoriów do skali przemysłowej.</p>
<p style="text-align: justify;">Pani Joanna Kulczycka zwróciła uwagę, że w procesie eko-projektowania należy uwzględnić cały przyszły łańcuch dostaw i wszystkie powiązania związane z jego działalnością - dlatego też konieczne jest podejście holistyczne. W łańcuchu tym należy uwzględnić dostawców lokalnych, co umożliwi rozwój regionów. Istotne są też kwestie certyfikacji, pozwoleń a także realnej stopy zwrotu z poczynionych w toku eko-projektowania inwestycji. Pan Bartłomiej Zgorzelski podkreślił, że jest to szczególnie ważne w kontekście obszarów miejskich, gdzie właśnie lokalne społeczności i dostawcy budują więzi ekonomiczne i wzmacniają zaufanie społeczne. W trakcie dalszej dyskusji wskazano, że w całym procesie zmian możemy korzystać z doświadczeń innych krajów poprzez projekty międzynarodowe.</p>
<p style="text-align: justify;">Uczestnicy spotkania próbowali również odpowiedzieć na pytania - co jeszcze można zrobić z produktem aby był bardziej ekologiczny ? Czy dążyć do zmniejszenia jego masy? Czy też zwiększyć udział materiałów z recyklingu w produkcji i opakowaniach ? Obecnie wyzwaniem pozostaje transfer technologii z laboratorium do fabryki. W założeniu ma ona eliminować nadmierną produkcję i konsumpcjonizm na rzecz pełniejszego wykorzystania dóbr, które już zostały wytworzone. Rola recyklerów wciąż rośnie, podobnie jak ich znaczenie w eko-projektowaniu. Kolejnym ważnym obszarem jest edukacja. Niektóre uniwersytety mają już obowiązkowe seminaria na temat eko-projektowania, które są bardzo popularne wśród młodych ludzi i przedsiębiorców. Jest to z pewnością także szansa dla rozwoju ekologicznych technologii w przyszłości. Podsumowując spotkanie prelegenci doszli do wspólnego wniosku, bardzo ważne jest pokazywanie społeczeństwu namacalnych, a nie tylko abstrakcyjnych przykładów eko-projektowania, ponieważ są one bardziej sugestywne i przekonujące, niż sama teoria.</p>
</div></div></div></div></div></section>

<p>&nbsp; W dniu 3.12.2020 r. odbyło się trzecie spotkanie interesariuszy w ramach projektu&nbsp; LCA4Regions. Wydarzenie odbywało się w formule on-line w formie panelu dyskusyjnego jako część Europejskiego Forum Gospodarczego 2020 w Łodzi. Główne zagadnienia poruszane w dyskusji dotyczyły ekoprojektowania, jako kluczowego czynnika w analizie cyklu życia i ochronie środowiska. W spotkaniu uczestniczyli eksperci, przedstawiciele samorządu [&hellip;]</p>
