{"id":6699,"date":"2019-06-04T14:15:30","date_gmt":"2019-06-04T12:15:30","guid":{"rendered":"https:\/\/bruksela.lodzkie.pl\/?page_id=6699"},"modified":"2019-06-06T11:00:38","modified_gmt":"2019-06-06T09:00:38","slug":"i-regionalne-spotkanie-decarb-2","status":"publish","type":"page","link":"https:\/\/bruksela.lodzkie.pl\/fr\/i-regionalne-spotkanie-decarb-2\/","title":{"rendered":"(Polski) I Regionalne spotkanie Interesariuszy projeku Decarb  21.11.2018, \u0141\u00f3d\u017a"},"content":{"rendered":"<section ><div class=\"container\"><div class=\"row\"><section><div class=\"container\"><div class=\"row\"><div class=\"wpb_column vc_column_container col-sm-12  col-xs-mobile-fullwidth\"><div class=\"vc-column-innner-wrapper\"><div class=\"wpd-innner-wrapper\"><p>I Regionalne spotkanie w ramach Projektu DeCarb pn. \u201eWspieranie przej\u015bcia na gospodark\u0119 niskoemisyjn\u0105 w regionach UE opartych na gospodarce w\u0119glowej\u201d realizowanego w ramach Programu Interreg Europe. <\/p>\n<p>21.11.2018 r., \u0141\u00f3d\u017a, al. Pi\u0142sudskiego 8, Urz\u0105d Marsza\u0142kowski Wojew\u00f3dztwa \u0141\u00f3dzkiego<\/p>\n<p><strong>I. Tematyka spotkania<\/strong><\/p>\n<p>Ograniczenia w Unii Europejskiej emisji CO2 o co najmniej 40 % do 2030 r. oraz Pakiet \u201eCzysta energia dla wszystkich Europejczyk\u00f3w\u201d, kt\u00f3ry ma przyspieszy\u0107 przej\u015bcie Unii Europejskiej na czyst\u0105 energi\u0119, wzrost gospodarczy, tworzenie miejsc pracy - Projekt DeCarb jako wsparcie region\u00f3w w ocenie specyfiki regionalnej i okre\u015bleniu scenariuszy s\u0142u\u017c\u0105cych zmniejszenia emisji CO2.<\/p>\n<p><strong>II. Wiod\u0105ce tematy dalszych prac w ramach grupy Interesariuszy.<\/strong><\/p>\n<p><strong>1.\tEnergetyka konwencjonalna \u2013 zmniejszenie presji na \u015brodowisko.<\/strong><\/p>\n<p>Opis sytuacji: zanieczyszczenia z konwencjonalnych \u017ar\u00f3de\u0142 energii s\u0105 mniej uci\u0105\u017cliwe ni\u017c 20 lat temu, potwierdzeniem s\u0105 zaprezentowane dzia\u0142ania przez PGE prowadz\u0105ce do zmniejszania ilo\u015bci szkodliwych gaz\u00f3w do atmosfery:<\/p>\n<p>a) zmniejszenie ingerencji i uci\u0105\u017cliwo\u015bci dla \u015brodowiska poprzez modernizacj\u0119 urz\u0105dze\u0144: turbin, wentylator\u00f3w, turbozespo\u0142\u00f3w, ch\u0142odni kominowych,<br \/>b) zmniejszenie emisji gaz\u00f3w cieplarnianych powsta\u0142ych ze spalania w\u0119gla zawieraj\u0105cych szkodliwe zwi\u0105zki siarki i azotu oraz py\u0142,<br \/>c) konieczno\u015b\u0107 uwzgl\u0119dniania perspektywy cyklu \u017cycia produkt\u00f3w w ca\u0142o\u015bciowym podej\u015bciu do problematyki dekarbonizacji,<br \/>d) dalsze prowadzenie dzia\u0142a\u0144 zmierzaj\u0105cych do ograniczania emisji gaz\u00f3w do atmosfery w wyniku zaostrzania norm ochrony powietrza,<br \/>e) gospodarka cyrkularna - zalety wykorzystania ubocznych produkt\u00f3w spalania, czyli odpad\u00f3w pochodz\u0105cych ze spalania w\u0119gla i ich ponowne wykorzystanie. Ponowne zagospodarowanie odpad\u00f3w b\u0119d\u0105cych ubocznymi produktami spalania s\u0105 alternatyw\u0105 dla eksploatacji naturalnych kruszyw, kt\u00f3re s\u0105 ograniczone i nieodnawialne.<br \/>f) zyski ekologiczne z likwidacji sk\u0142adowisk - zagospodarowanie teren\u00f3w pokopalnianych i ich rekultywacja szans\u0105 na rozw\u00f3j gospodarczy i dodatkowe miejsca pracy (np. turystyka);<br \/>g) rozw\u00f3j sieci cieplnej. <\/p>\n<p>PLUSY<br \/>- wytwarzanie ciep\u0142a systemowego odbywa si\u0119 w drodze odzysku ciep\u0142a po produkcji pr\u0105du;<br \/>- istnieje rozwini\u0119ta sie\u0107 ciep\u0142ownicza.<br \/>MINUSY<br \/>- blokad\u0105 w rozwoju sieci cieplnej s\u0105 wysokie koszty zwi\u0105zane z doprowadzeniem ciep\u0142a do gospodarstw indywidualnych z uwagi na budow\u0119 infrastruktury technicznej (doprowadzenie i pod\u0142\u0105czenie do gospodarstwa) i jej zarz\u0105dzanie,<br \/>- powstawanie energii ze spalania w\u0119gla. Stopniowo wytwarzanie ciep\u0142a nale\u017cy uzyskiwa\u0107 ze spalania gazu, oleju, biomasy, przetwarzania energii s\u0142onecznej czy wiatrowej, geotermii, czy wykorzystania energii elektrycznej.<\/p>\n<p><strong>2. Odnawialne \u017ar\u00f3d\u0142a energii jako przeciwwaga dla energii konwencjonalnej.<\/strong><\/p>\n<p>Aktualna sytuacja: Zbyt wolny proces zwi\u0119kszania udzia\u0142u oze w og\u00f3lnym koszyku energetycznym:<\/p>\n<p>a) przyspieszenie w wykorzystywaniu naturalnych \u017ar\u00f3de\u0142 odnawialnych,<br \/>b) zwi\u0119kszenie udzia\u0142u OZE w koszyku energetycznym: np. poprzez wykorzystanie technologii usuwaj\u0105cych CO2 z biogazu i wytwarzaj\u0105cych biometan, kt\u00f3ry zdaniem z ekspert\u00f3w z Politechniki \u0141\u00f3dzkiej nast\u0119pnie mo\u017ce by\u0107 wt\u0142aczany do sieci gazowej lub wykorzystywany jako paliwo do pojazd\u00f3w,<br \/>c) odnawialne \u017ar\u00f3d\u0142a energii jako priorytet rozwoju energetyki - wykorzystanie ich nie wi\u0105\u017ce si\u0119 z ich d\u0142ugotrwa\u0142ym deficytem, gdy\u017c odnawiaj\u0105 si\u0119 w kr\u00f3tkim czasie, jest to: energia promieniowania s\u0142onecznego, energia pr\u0105d\u00f3w i p\u0142yw\u00f3w wodnych, geotermalna, wiatr oraz energia powstaj\u0105c\u0105 podczas spalania biomasy i biogazu \u2013 rozw\u00f3j instalacji, kt\u00f3re zamieniaj\u0105 konkretne \u017ar\u00f3d\u0142o na energi\u0119 elektryczn\u0105,<br \/>d) korzy\u015bci dla lokalnych spo\u0142eczno\u015bci w zakresie rozwoju odnawialnych \u017ar\u00f3de\u0142 energii: zwi\u0119kszenie poziomu bezpiecze\u0144stwa energetycznego (poprzez dywersyfikacj\u0119), powstanie nowych miejsc pracy, promowanie rozwoju regionalnego,<br \/>e) poszukiwanie innowacyjnych technologii: np. produkcja biomasy ro\u015blinnej na bazie recyklingu odpad\u00f3w z biogazowni i strategia optymalizacji uprawy biomasy ro\u015blin energetycznych,<br \/>f) wykorzystanie do\u015bwiadcze\u0144 podmiot\u00f3w badawczych w realizacji projekt\u00f3w oraz produkt\u00f3w zrealizowanych przedsi\u0119wzi\u0119\u0107 w zakresie odnawialnych \u017ar\u00f3de\u0142 energii oraz innowacyjny charakter produkt\u00f3w powsta\u0142ych w ramach realizowanych projekt\u00f3w: Carport i stacja \u0142adowania pojazd\u00f3w elektrycznych zasilan\u0105 energi\u0105 s\u0142oneczn\u0105 (zbudowany z drewnopochodnych materia\u0142\u00f3w biodegradowalnych o zerowym \u015bladzie w\u0119glowym). <\/p>\n<p><strong>3. Elektromobilno\u015b\u0107 wyzwaniem dla regionu \u0142\u00f3dzkiego.<\/strong><\/p>\n<p>- powstanie siatki stacji \u0142adowania samochod\u00f3w elektrycznych,<br \/>- konieczno\u015b\u0107 uwzgl\u0119dnienia na szersz\u0105 skal\u0119 we flocie transportu publicznego: ekologicznych autobus\u00f3w i tramwaj\u00f3w,<br \/>- edukacja w zakresie elektromobilno\u015bci (utworzenie kierunk\u00f3w nauczania), zasilenie rynku pracy specjalistami w zakresie elektromobilno\u015bci.<\/p>\n<p><strong>4. Budowanie \u015bwiadomo\u015bci i dialog publiczny.<\/strong><\/p>\n<p>- przyk\u0142ady dobrych praktyk (rozpowszechnianie); wsp\u00f3lne wypracowanie rozwi\u0105za\u0144;<br \/>- kampanie edukacyjne np. mieszka\u0144c\u00f3w dom\u00f3w jednorodzinnych dotycz\u0105ce szkodliwo\u015bci spalania odpad\u00f3w w piecach;<br \/>- zapraszanie do projektu podmiot\u00f3w zainteresowanych dzia\u0142aniami s\u0142u\u017c\u0105cymi budowie \u015bwiadomo\u015bci wok\u00f3\u0142 tematyki ochrony \u015brodowiska i negatywnych skutk\u00f3w jego degradacji; np. przy udziale ASP budowa oczyszczaczy powietrza w formie artystycznych dzie\u0142;<br \/>- edukacja \u201eod dziecka\u201d - kszta\u0142towanie na wczesnym etapie edukacji postaw odpowiedzialno\u015bci za \u015brodowisko.<\/p>\n<\/div><\/div><\/div><\/div><\/div><\/section><\/div><\/div><\/section><section><div class=\"container\"><div class=\"row\"><div class=\"wpb_column vc_column_container col-sm-12  col-xs-mobile-fullwidth\"><div class=\"vc-column-innner-wrapper\"><div class=\"wpd-innner-wrapper\"><div  class=\"gutter grid-gallery work-2col overflow-hidden\"><ul class=\"grid\"><li ><figure class=\"overflow-hidden\"><a class=\"single-image-lightbox\" href=\"https:\/\/bruksela.lodzkie.pl\/wp-content\/uploads\/2019\/06\/20181121_112919.jpg\"><img loading=\"lazy\" decoding=\"async\" src=\"https:\/\/bruksela.lodzkie.pl\/wp-content\/uploads\/2019\/06\/20181121_112919.jpg\" alt=\"\" width=\"5664\" height=\"4248\" \/><\/a><\/figure><\/li><li ><figure class=\"overflow-hidden\"><a class=\"single-image-lightbox\" href=\"https:\/\/bruksela.lodzkie.pl\/wp-content\/uploads\/2019\/06\/46492923_268795553779061_803770028133449728_n.jpg\"><img loading=\"lazy\" decoding=\"async\" src=\"https:\/\/bruksela.lodzkie.pl\/wp-content\/uploads\/2019\/06\/46492923_268795553779061_803770028133449728_n.jpg\" alt=\"\" width=\"960\" height=\"718\" \/><\/a><\/figure><\/li><li ><figure class=\"overflow-hidden\"><a class=\"single-image-lightbox\" href=\"https:\/\/bruksela.lodzkie.pl\/wp-content\/uploads\/2019\/06\/46503202_424710198063823_3861452139163287552_n.jpg\"><img loading=\"lazy\" decoding=\"async\" src=\"https:\/\/bruksela.lodzkie.pl\/wp-content\/uploads\/2019\/06\/46503202_424710198063823_3861452139163287552_n.jpg\" alt=\"\" width=\"960\" height=\"720\" \/><\/a><\/figure><\/li><li ><figure class=\"overflow-hidden\"><a class=\"single-image-lightbox\" href=\"https:\/\/bruksela.lodzkie.pl\/wp-content\/uploads\/2019\/06\/46520754_1859543014166189_2314554749078208512_n.jpg\"><img loading=\"lazy\" decoding=\"async\" src=\"https:\/\/bruksela.lodzkie.pl\/wp-content\/uploads\/2019\/06\/46520754_1859543014166189_2314554749078208512_n.jpg\" alt=\"\" width=\"720\" height=\"539\" \/><\/a><\/figure><\/li><\/ul><\/div><\/div><\/div><\/div><\/div><\/div><\/section>","protected":false},"excerpt":{"rendered":"<p>I Regionalne spotkanie w ramach Projektu DeCarb pn. \u201eWspieranie przej\u015bcia na gospodark\u0119 niskoemisyjn\u0105 w regionach UE opartych na gospodarce w\u0119glowej\u201d realizowanego w ramach Programu Interreg Europe. 21.11.2018 r., \u0141\u00f3d\u017a, al. Pi\u0142sudskiego 8, Urz\u0105d Marsza\u0142kowski Wojew\u00f3dztwa \u0141\u00f3dzkiego I. Tematyka spotkania Ograniczenia w Unii Europejskiej emisji CO2 o co najmniej 40 % do 2030 r. oraz Pakiet [&hellip;]<\/p>\n","protected":false},"author":10,"featured_media":0,"parent":0,"menu_order":0,"comment_status":"closed","ping_status":"closed","template":"","meta":{"_acf_changed":false,"footnotes":""},"class_list":["post-6699","page","type-page","status-publish","hentry"],"acf":[],"_links":{"self":[{"href":"https:\/\/bruksela.lodzkie.pl\/fr\/wp-json\/wp\/v2\/pages\/6699","targetHints":{"allow":["GET"]}}],"collection":[{"href":"https:\/\/bruksela.lodzkie.pl\/fr\/wp-json\/wp\/v2\/pages"}],"about":[{"href":"https:\/\/bruksela.lodzkie.pl\/fr\/wp-json\/wp\/v2\/types\/page"}],"author":[{"embeddable":true,"href":"https:\/\/bruksela.lodzkie.pl\/fr\/wp-json\/wp\/v2\/users\/10"}],"replies":[{"embeddable":true,"href":"https:\/\/bruksela.lodzkie.pl\/fr\/wp-json\/wp\/v2\/comments?post=6699"}],"version-history":[{"count":8,"href":"https:\/\/bruksela.lodzkie.pl\/fr\/wp-json\/wp\/v2\/pages\/6699\/revisions"}],"predecessor-version":[{"id":6739,"href":"https:\/\/bruksela.lodzkie.pl\/fr\/wp-json\/wp\/v2\/pages\/6699\/revisions\/6739"}],"wp:attachment":[{"href":"https:\/\/bruksela.lodzkie.pl\/fr\/wp-json\/wp\/v2\/media?parent=6699"}],"curies":[{"name":"wp","href":"https:\/\/api.w.org\/{rel}","templated":true}]}}

(Polski) I Regionalne spotkanie Interesariuszy projeku Decarb  21.11.2018, Łódź

<section ><div class="container"><div class="row"><section><div class="container"><div class="row"><div class="wpb_column vc_column_container col-sm-12  col-xs-mobile-fullwidth"><div class="vc-column-innner-wrapper"><div class="wpd-innner-wrapper"><p>I Regionalne spotkanie w ramach Projektu DeCarb pn. „Wspieranie przejścia na gospodarkę niskoemisyjną w regionach UE opartych na gospodarce węglowej” realizowanego w ramach Programu Interreg Europe. </p>
<p>21.11.2018 r., Łódź, al. Piłsudskiego 8, Urząd Marszałkowski Województwa Łódzkiego</p>
<p><strong>I. Tematyka spotkania</strong></p>
<p>Ograniczenia w Unii Europejskiej emisji CO2 o co najmniej 40 % do 2030 r. oraz Pakiet „Czysta energia dla wszystkich Europejczyków”, który ma przyspieszyć przejście Unii Europejskiej na czystą energię, wzrost gospodarczy, tworzenie miejsc pracy - Projekt DeCarb jako wsparcie regionów w ocenie specyfiki regionalnej i określeniu scenariuszy służących zmniejszenia emisji CO2.</p>
<p><strong>II. Wiodące tematy dalszych prac w ramach grupy Interesariuszy.</strong></p>
<p><strong>1.	Energetyka konwencjonalna – zmniejszenie presji na środowisko.</strong></p>
<p>Opis sytuacji: zanieczyszczenia z konwencjonalnych źródeł energii są mniej uciążliwe niż 20 lat temu, potwierdzeniem są zaprezentowane działania przez PGE prowadzące do zmniejszania ilości szkodliwych gazów do atmosfery:</p>
<p>a) zmniejszenie ingerencji i uciążliwości dla środowiska poprzez modernizację urządzeń: turbin, wentylatorów, turbozespołów, chłodni kominowych,<br />b) zmniejszenie emisji gazów cieplarnianych powstałych ze spalania węgla zawierających szkodliwe związki siarki i azotu oraz pył,<br />c) konieczność uwzględniania perspektywy cyklu życia produktów w całościowym podejściu do problematyki dekarbonizacji,<br />d) dalsze prowadzenie działań zmierzających do ograniczania emisji gazów do atmosfery w wyniku zaostrzania norm ochrony powietrza,<br />e) gospodarka cyrkularna - zalety wykorzystania ubocznych produktów spalania, czyli odpadów pochodzących ze spalania węgla i ich ponowne wykorzystanie. Ponowne zagospodarowanie odpadów będących ubocznymi produktami spalania są alternatywą dla eksploatacji naturalnych kruszyw, które są ograniczone i nieodnawialne.<br />f) zyski ekologiczne z likwidacji składowisk - zagospodarowanie terenów pokopalnianych i ich rekultywacja szansą na rozwój gospodarczy i dodatkowe miejsca pracy (np. turystyka);<br />g) rozwój sieci cieplnej. </p>
<p>PLUSY<br />- wytwarzanie ciepła systemowego odbywa się w drodze odzysku ciepła po produkcji prądu;<br />- istnieje rozwinięta sieć ciepłownicza.<br />MINUSY<br />- blokadą w rozwoju sieci cieplnej są wysokie koszty związane z doprowadzeniem ciepła do gospodarstw indywidualnych z uwagi na budowę infrastruktury technicznej (doprowadzenie i podłączenie do gospodarstwa) i jej zarządzanie,<br />- powstawanie energii ze spalania węgla. Stopniowo wytwarzanie ciepła należy uzyskiwać ze spalania gazu, oleju, biomasy, przetwarzania energii słonecznej czy wiatrowej, geotermii, czy wykorzystania energii elektrycznej.</p>
<p><strong>2. Odnawialne źródła energii jako przeciwwaga dla energii konwencjonalnej.</strong></p>
<p>Aktualna sytuacja: Zbyt wolny proces zwiększania udziału oze w ogólnym koszyku energetycznym:</p>
<p>a) przyspieszenie w wykorzystywaniu naturalnych źródeł odnawialnych,<br />b) zwiększenie udziału OZE w koszyku energetycznym: np. poprzez wykorzystanie technologii usuwających CO2 z biogazu i wytwarzających biometan, który zdaniem z ekspertów z Politechniki Łódzkiej następnie może być wtłaczany do sieci gazowej lub wykorzystywany jako paliwo do pojazdów,<br />c) odnawialne źródła energii jako priorytet rozwoju energetyki - wykorzystanie ich nie wiąże się z ich długotrwałym deficytem, gdyż odnawiają się w krótkim czasie, jest to: energia promieniowania słonecznego, energia prądów i pływów wodnych, geotermalna, wiatr oraz energia powstającą podczas spalania biomasy i biogazu – rozwój instalacji, które zamieniają konkretne źródło na energię elektryczną,<br />d) korzyści dla lokalnych społeczności w zakresie rozwoju odnawialnych źródeł energii: zwiększenie poziomu bezpieczeństwa energetycznego (poprzez dywersyfikację), powstanie nowych miejsc pracy, promowanie rozwoju regionalnego,<br />e) poszukiwanie innowacyjnych technologii: np. produkcja biomasy roślinnej na bazie recyklingu odpadów z biogazowni i strategia optymalizacji uprawy biomasy roślin energetycznych,<br />f) wykorzystanie doświadczeń podmiotów badawczych w realizacji projektów oraz produktów zrealizowanych przedsięwzięć w zakresie odnawialnych źródeł energii oraz innowacyjny charakter produktów powstałych w ramach realizowanych projektów: Carport i stacja ładowania pojazdów elektrycznych zasilaną energią słoneczną (zbudowany z drewnopochodnych materiałów biodegradowalnych o zerowym śladzie węglowym). </p>
<p><strong>3. Elektromobilność wyzwaniem dla regionu łódzkiego.</strong></p>
<p>- powstanie siatki stacji ładowania samochodów elektrycznych,<br />- konieczność uwzględnienia na szerszą skalę we flocie transportu publicznego: ekologicznych autobusów i tramwajów,<br />- edukacja w zakresie elektromobilności (utworzenie kierunków nauczania), zasilenie rynku pracy specjalistami w zakresie elektromobilności.</p>
<p><strong>4. Budowanie świadomości i dialog publiczny.</strong></p>
<p>- przykłady dobrych praktyk (rozpowszechnianie); wspólne wypracowanie rozwiązań;<br />- kampanie edukacyjne np. mieszkańców domów jednorodzinnych dotyczące szkodliwości spalania odpadów w piecach;<br />- zapraszanie do projektu podmiotów zainteresowanych działaniami służącymi budowie świadomości wokół tematyki ochrony środowiska i negatywnych skutków jego degradacji; np. przy udziale ASP budowa oczyszczaczy powietrza w formie artystycznych dzieł;<br />- edukacja „od dziecka” - kształtowanie na wczesnym etapie edukacji postaw odpowiedzialności za środowisko.</p>
</div></div></div></div></div></section></div></div></section><section><div class="container"><div class="row"><div class="wpb_column vc_column_container col-sm-12  col-xs-mobile-fullwidth"><div class="vc-column-innner-wrapper"><div class="wpd-innner-wrapper"><div  class="gutter grid-gallery work-2col overflow-hidden"><ul class="grid"><li ><figure class="overflow-hidden"><a class="single-image-lightbox" href="https://bruksela.lodzkie.pl/wp-content/uploads/2019/06/20181121_112919.jpg"><img loading="lazy" decoding="async" src="https://bruksela.lodzkie.pl/wp-content/uploads/2019/06/20181121_112919.jpg" alt="" width="5664" height="4248" /></a></figure></li><li ><figure class="overflow-hidden"><a class="single-image-lightbox" href="https://bruksela.lodzkie.pl/wp-content/uploads/2019/06/46492923_268795553779061_803770028133449728_n.jpg"><img loading="lazy" decoding="async" src="https://bruksela.lodzkie.pl/wp-content/uploads/2019/06/46492923_268795553779061_803770028133449728_n.jpg" alt="" width="960" height="718" /></a></figure></li><li ><figure class="overflow-hidden"><a class="single-image-lightbox" href="https://bruksela.lodzkie.pl/wp-content/uploads/2019/06/46503202_424710198063823_3861452139163287552_n.jpg"><img loading="lazy" decoding="async" src="https://bruksela.lodzkie.pl/wp-content/uploads/2019/06/46503202_424710198063823_3861452139163287552_n.jpg" alt="" width="960" height="720" /></a></figure></li><li ><figure class="overflow-hidden"><a class="single-image-lightbox" href="https://bruksela.lodzkie.pl/wp-content/uploads/2019/06/46520754_1859543014166189_2314554749078208512_n.jpg"><img loading="lazy" decoding="async" src="https://bruksela.lodzkie.pl/wp-content/uploads/2019/06/46520754_1859543014166189_2314554749078208512_n.jpg" alt="" width="720" height="539" /></a></figure></li></ul></div></div></div></div></div></div></section>

<p>I Regionalne spotkanie w ramach Projektu DeCarb pn. „Wspieranie przejścia na gospodarkę niskoemisyjną w regionach UE opartych na gospodarce węglowej” realizowanego w ramach Programu Interreg Europe. 21.11.2018 r., Łódź, al. Piłsudskiego 8, Urząd Marszałkowski Województwa Łódzkiego I. Tematyka spotkania Ograniczenia w Unii Europejskiej emisji CO2 o co najmniej 40 % do 2030 r. oraz Pakiet [&hellip;]</p>
