{"id":6865,"date":"2019-07-04T13:01:51","date_gmt":"2019-07-04T11:01:51","guid":{"rendered":"https:\/\/bruksela.lodzkie.pl\/?page_id=6865"},"modified":"2024-01-03T11:48:44","modified_gmt":"2024-01-03T10:48:44","slug":"i-care-smart-lodzkie","status":"publish","type":"page","link":"https:\/\/bruksela.lodzkie.pl\/fr\/nasze-projekty\/i-care-smart-lodzkie\/","title":{"rendered":"(Polski) \u201eInnowacyjny ekosystem w zakresie inteligentnej opieki nad osobami starszymi\u201d (i-care smart)"},"content":{"rendered":"<section ><div class=\"container\"><div class=\"row\"><section><div class=\"container\"><div class=\"row\"><div class=\"wpb_column vc_column_container col-sm-12  col-xs-mobile-fullwidth\"><div class=\"vc-column-innner-wrapper\"><div class=\"wpd-innner-wrapper\"><p>&nbsp;<img loading=\"lazy\" decoding=\"async\" class=\"wp-image-6948 aligncenter\" src=\"https:\/\/bruksela.lodzkie.pl\/wp-content\/uploads\/2021\/03\/I-Care-Smart.png\" alt=\"\" width=\"600\" height=\"156\"><\/p>\n<div class=\"margin-ten no-margin-lr clearfix\"><h1 class=\"alt-font heading-style1 brando_heading_1501069500-2-91\">Cel projektu<\/h1><\/div><p>Celem projektu I \u2013CARE-SMART by\u0142o budowanie i wzmacnianie wsp\u00f3\u0142pracy z organizacjami, kt\u00f3re s\u0105 w stanie dostarcza\u0107 najnowocze\u015bniejsze rozwi\u0105zania technologiczne w zakresie opieki zdrowotnej i opieki spo\u0142ecznej dla os\u00f3b starszych.<\/p>\n<p>&nbsp;<\/p>\n<div class=\"margin-ten no-margin-lr clearfix\"><h1 class=\"alt-font heading-style1 brando_heading_1501069500-2-91\">Rezultaty<\/h1><\/div><p>W ramach projektu stworzono ponadnarodow\u0105 otwart\u0105 platform\u0119 innowacji dla inteligentnej opieki nad osobami starszymi m.in. system powiadamiania s\u0142u\u017cb ratunkowych, opieki koordynowanej, teleopieki i innych rozwi\u0105za\u0144 biznesowych dostosowanych do potrzeb senior\u00f3w z regionu \u0142\u00f3dzkiego. Wypracowano tak\u017ce szereg rozwi\u0105za\u0144 pozwalaj\u0105cych odpowiedzie\u0107 na niezaspokojone wcze\u015bniej potrzeby os\u00f3b starszych, w obszarze opieki zdrowotnej i pomocy spo\u0142ecznej. W wyniku projektu nawi\u0105zano liczne partnerstwa mi\u0119dzy w\u0142adzami publicznymi, uniwersytetami, przedsi\u0119biorstwami, podmiotami \u015bwiadcz\u0105cymi us\u0142ugi opieku\u0144cze i opiekunami.<\/p>\n<p>&nbsp;<\/p>\n<div class=\"margin-ten no-margin-lr clearfix\"><h1 class=\"alt-font heading-style1 brando_heading_1501069500-2-91\">Mo\u017cliwo\u015b\u0107 wsp\u00f3\u0142pracy projektowej<\/h1><\/div><p>Nie dotyczy \u2013 projekt zako\u0144czony<\/p>\n<p>&nbsp;<\/p>\n<div class=\"margin-ten no-margin-lr clearfix\"><h1 class=\"alt-font heading-style1 brando_heading_1501069500-2-91\">Warto\u015b\u0107 projektu\/Finansowanie<\/h1><\/div><p>Projekt dofinansowany jest ze \u015brodk\u00f3w programu INTERREG CENTRAL EUROPE<br \/>\nO\u015b priorytetowa 1: \u201eWsp\u00f3\u0142praca w zakresie innowacji na rzecz zwi\u0119kszania konkurencyjno\u015bci\u201d<br \/>\nWarto\u015b\u0107 projektu: <strong>2 593 039,34 euro<\/strong><br \/>\nW tym dofinansowanie z UE dla Wojew\u00f3dztwa \u0141\u00f3dzkiego: <strong>2 147 160,18 euro<\/strong><br \/>\nBud\u017cet dla Wojew\u00f3dztwa \u0141\u00f3dzkiego: <strong>199 468,96 euro<\/strong><\/p>\n<\/div><\/div><\/div><\/div><\/div><\/section><section><div class=\"container\"><div class=\"row\"><div class=\"wpb_column vc_column_container col-sm-12  col-xs-mobile-fullwidth\"><div class=\"vc-column-innner-wrapper\"><div class=\"wpd-innner-wrapper\"><div class=\"margin-ten no-margin-lr clearfix\"><h1 class=\"alt-font heading-style1 brando_heading_1501069500-2-91\">Partnerzy projektu<\/h1><\/div><p>1. Municipality of \u00dajbuda (Budapest, 11th district), W\u0119gry<br \/>\n2. Budapest University of Technology and Economics, W\u0119gry<br \/>\n3. Wojew\u00f3dztwo \u0141\u00f3dzkie, Polska<br \/>\n4. Uniwersytet Medyczny w \u0141odzi, Polska<br \/>\n5. European Grouping of Territorial Cooperation Via Carpatia, S\u0142owacja<br \/>\n6. Technical University of Kosice, S\u0142owacja<br \/>\n7. Liguria Region, W\u0142ochy<br \/>\n8. SI4life Science and Business together to improve the quality of life for Seniors and People with Disabilities, W\u0142ochy<br \/>\n9. Institute of Social Services Prague, Czechy<br \/>\n10. SPEKTRA, manufacturing cooperative, Czechy<br \/>\n11. City of Graz, Austria<br \/>\n12. NOWA Training Counselling Project management, Austria<br \/>\n13. University of Applied Sciences for Economy, Technics and Culture, Niemcy<br \/>\n14. Partner stowarzyszony, wsp\u00f3\u0142pracuj\u0105cy z Wojew\u00f3dztwem \u0141\u00f3dzkim - Regionalne Centrum Polityki Spo\u0142ecznej, Polska<\/p>\n<p>&nbsp;<\/p>\n<div class=\"margin-ten no-margin-lr clearfix\"><h1 class=\"alt-font heading-style1 brando_heading_1501069500-2-91\">daty REALIZACJI<\/h1><\/div><p>01.05.2019 \u2013 30.04.2022<\/p>\n<p>&nbsp;<\/p>\n<div class=\"margin-ten no-margin-lr clearfix\"><h1 class=\"alt-font heading-style1 brando_heading_1501069500-2-91\">WYDARZENIA PROJEKTOWE<\/h1><\/div><p><a href=\"https:\/\/bruksela.lodzkie.pl\/i-care-smart-na-pokladzie\">27-28 czerwca 2019, Budapeszt, W\u0119gry I-CARE SMART na pok\u0142adzie !<\/a><br \/>\n<a href=\"https:\/\/bruksela.lodzkie.pl\/wojewodzkie-dni-seniora-pierwszy-krok-w-poznaniu-potrzeb-seniorow-w-projekcie-i-care-smart\">sierpie\u0144 2019, Wojew\u00f3dzkie Dni Seniora<\/a><br \/>\n<a href=\"https:\/\/bruksela.lodzkie.pl\/vii-kongres-biogospodarki-wojewodztwo-lodzkie-potwierdza-potencjal-rozwoju-srebrnej-gospodarki\">7 pa\u017adziernik 2019,\u00a0 VII Kongres Biogospodarki<\/a><br \/>\n<a href=\"https:\/\/bruksela.lodzkie.pl\/28-30-01-2020-genua-wlochy-miedzynarodowe-spotkanie\/\">28 stycznia 2020, Genua, W\u0142ochy, Spotkanie mi\u0119dzynarodowe<\/a><br \/>\n<a href=\"https:\/\/bruksela.lodzkie.pl\/nasze-projekty\/i-care-smart-lodzkie\/spotkanie-regionalne-grupy-task4\/\">23 lipca 2020, Spotkanie regionalne \u2013 grupy TASK4<\/a><br \/>\n<a href=\"https:\/\/www.facebook.com\/icare.smart.ue\/\">23 lipca 2020, 26-27 kwietnia 2022, Bruksela, Belgia, Konferencja podsumowuj\u0105ca Projekt<\/a><\/p>\n<p><strong>&nbsp;<\/strong><\/p>\n<div class=\"margin-ten no-margin-lr clearfix\"><h1 class=\"alt-font heading-style1 brando_heading_1501069500-2-91\">Dokumenty opracowane w ramach projektu<\/h1><\/div><ul>\n<li>Publikacje Projektu I-CARE-SMART, wersja j\u0119zykowa polska: Podr\u0119cznik \u201eMetoda Co-creation\u201d; Podr\u0119cznik \u201eSeniorzy i biznes\u201d<\/li>\n<li>Publikacje Projektu I-CARE-SMART, wersja j\u0119zykowa angielska: <a href=\"https:\/\/programme2014-20.interreg-central.eu\/Content.Node\/I-CARE-SMART.html\">https:\/\/programme2014-20.interreg-central.eu\/Content.Node\/I-CARE-SMART.html<\/a><\/li>\n<li>Broszura Projektu I-CARE-SMART \u201eInteligentne rozwi\u0105zania dla os\u00f3b starszych\u201d<\/li>\n<\/ul>\n<\/div><\/div><\/div><\/div><\/div><\/section><\/div><\/div><\/section>\n","protected":false},"excerpt":{"rendered":"<p>&nbsp; Cel projektuCelem projektu I \u2013CARE-SMART by\u0142o budowanie i wzmacnianie wsp\u00f3\u0142pracy z organizacjami, kt\u00f3re s\u0105 w stanie dostarcza\u0107 najnowocze\u015bniejsze rozwi\u0105zania technologiczne w zakresie opieki zdrowotnej i opieki spo\u0142ecznej dla os\u00f3b starszych. &nbsp; RezultatyW ramach projektu stworzono ponadnarodow\u0105 otwart\u0105 platform\u0119 innowacji dla inteligentnej opieki nad osobami starszymi m.in. system powiadamiania s\u0142u\u017cb ratunkowych, opieki koordynowanej, teleopieki i [&hellip;]<\/p>\n","protected":false},"author":12,"featured_media":0,"parent":1435,"menu_order":0,"comment_status":"closed","ping_status":"closed","template":"","meta":{"_acf_changed":false,"footnotes":""},"class_list":["post-6865","page","type-page","status-publish","hentry"],"acf":[],"_links":{"self":[{"href":"https:\/\/bruksela.lodzkie.pl\/fr\/wp-json\/wp\/v2\/pages\/6865","targetHints":{"allow":["GET"]}}],"collection":[{"href":"https:\/\/bruksela.lodzkie.pl\/fr\/wp-json\/wp\/v2\/pages"}],"about":[{"href":"https:\/\/bruksela.lodzkie.pl\/fr\/wp-json\/wp\/v2\/types\/page"}],"author":[{"embeddable":true,"href":"https:\/\/bruksela.lodzkie.pl\/fr\/wp-json\/wp\/v2\/users\/12"}],"replies":[{"embeddable":true,"href":"https:\/\/bruksela.lodzkie.pl\/fr\/wp-json\/wp\/v2\/comments?post=6865"}],"version-history":[{"count":32,"href":"https:\/\/bruksela.lodzkie.pl\/fr\/wp-json\/wp\/v2\/pages\/6865\/revisions"}],"predecessor-version":[{"id":8838,"href":"https:\/\/bruksela.lodzkie.pl\/fr\/wp-json\/wp\/v2\/pages\/6865\/revisions\/8838"}],"up":[{"embeddable":true,"href":"https:\/\/bruksela.lodzkie.pl\/fr\/wp-json\/wp\/v2\/pages\/1435"}],"wp:attachment":[{"href":"https:\/\/bruksela.lodzkie.pl\/fr\/wp-json\/wp\/v2\/media?parent=6865"}],"curies":[{"name":"wp","href":"https:\/\/api.w.org\/{rel}","templated":true}]}}

<section ><div class="container"><div class="row"><section><div class="container"><div class="row"><div class="wpb_column vc_column_container col-sm-12  col-xs-mobile-fullwidth"><div class="vc-column-innner-wrapper"><div class="wpd-innner-wrapper"><p>&nbsp;<img loading="lazy" decoding="async" class="wp-image-6948 aligncenter" src="https://bruksela.lodzkie.pl/wp-content/uploads/2021/03/I-Care-Smart.png" alt="" width="600" height="156"></p>
<div class="margin-ten no-margin-lr clearfix"><h1 class="alt-font heading-style1 brando_heading_1501069500-2-91">Cel projektu</h1></div><p>Celem projektu I –CARE-SMART było budowanie i wzmacnianie współpracy z organizacjami, które są w stanie dostarczać najnowocześniejsze rozwiązania technologiczne w zakresie opieki zdrowotnej i opieki społecznej dla osób starszych.</p>
<p>&nbsp;</p>
<div class="margin-ten no-margin-lr clearfix"><h1 class="alt-font heading-style1 brando_heading_1501069500-2-91">Rezultaty</h1></div><p>W ramach projektu stworzono ponadnarodową otwartą platformę innowacji dla inteligentnej opieki nad osobami starszymi m.in. system powiadamiania służb ratunkowych, opieki koordynowanej, teleopieki i innych rozwiązań biznesowych dostosowanych do potrzeb seniorów z regionu łódzkiego. Wypracowano także szereg rozwiązań pozwalających odpowiedzieć na niezaspokojone wcześniej potrzeby osób starszych, w obszarze opieki zdrowotnej i pomocy społecznej. W wyniku projektu nawiązano liczne partnerstwa między władzami publicznymi, uniwersytetami, przedsiębiorstwami, podmiotami świadczącymi usługi opiekuńcze i opiekunami.</p>
<p>&nbsp;</p>
<div class="margin-ten no-margin-lr clearfix"><h1 class="alt-font heading-style1 brando_heading_1501069500-2-91">Możliwość współpracy projektowej</h1></div><p>Nie dotyczy – projekt zakończony</p>
<p>&nbsp;</p>
<div class="margin-ten no-margin-lr clearfix"><h1 class="alt-font heading-style1 brando_heading_1501069500-2-91">Wartość projektu/Finansowanie</h1></div><p>Projekt dofinansowany jest ze środków programu INTERREG CENTRAL EUROPE<br />
Oś priorytetowa 1: „Współpraca w zakresie innowacji na rzecz zwiększania konkurencyjności”<br />
Wartość projektu: <strong>2 593 039,34 euro</strong><br />
W tym dofinansowanie z UE dla Województwa Łódzkiego: <strong>2 147 160,18 euro</strong><br />
Budżet dla Województwa Łódzkiego: <strong>199 468,96 euro</strong></p>
</div></div></div></div></div></section><section><div class="container"><div class="row"><div class="wpb_column vc_column_container col-sm-12  col-xs-mobile-fullwidth"><div class="vc-column-innner-wrapper"><div class="wpd-innner-wrapper"><div class="margin-ten no-margin-lr clearfix"><h1 class="alt-font heading-style1 brando_heading_1501069500-2-91">Partnerzy projektu</h1></div><p>1. Municipality of Újbuda (Budapest, 11th district), Węgry<br />
2. Budapest University of Technology and Economics, Węgry<br />
3. Województwo Łódzkie, Polska<br />
4. Uniwersytet Medyczny w Łodzi, Polska<br />
5. European Grouping of Territorial Cooperation Via Carpatia, Słowacja<br />
6. Technical University of Kosice, Słowacja<br />
7. Liguria Region, Włochy<br />
8. SI4life Science and Business together to improve the quality of life for Seniors and People with Disabilities, Włochy<br />
9. Institute of Social Services Prague, Czechy<br />
10. SPEKTRA, manufacturing cooperative, Czechy<br />
11. City of Graz, Austria<br />
12. NOWA Training Counselling Project management, Austria<br />
13. University of Applied Sciences for Economy, Technics and Culture, Niemcy<br />
14. Partner stowarzyszony, współpracujący z Województwem Łódzkim - Regionalne Centrum Polityki Społecznej, Polska</p>
<p>&nbsp;</p>
<div class="margin-ten no-margin-lr clearfix"><h1 class="alt-font heading-style1 brando_heading_1501069500-2-91">daty REALIZACJI</h1></div><p>01.05.2019 – 30.04.2022</p>
<p>&nbsp;</p>
<div class="margin-ten no-margin-lr clearfix"><h1 class="alt-font heading-style1 brando_heading_1501069500-2-91">WYDARZENIA PROJEKTOWE</h1></div><p><a href="https://bruksela.lodzkie.pl/i-care-smart-na-pokladzie">27-28 czerwca 2019, Budapeszt, Węgry I-CARE SMART na pokładzie !</a><br />
<a href="https://bruksela.lodzkie.pl/wojewodzkie-dni-seniora-pierwszy-krok-w-poznaniu-potrzeb-seniorow-w-projekcie-i-care-smart">sierpień 2019, Wojewódzkie Dni Seniora</a><br />
<a href="https://bruksela.lodzkie.pl/vii-kongres-biogospodarki-wojewodztwo-lodzkie-potwierdza-potencjal-rozwoju-srebrnej-gospodarki">7 październik 2019,  VII Kongres Biogospodarki</a><br />
<a href="https://bruksela.lodzkie.pl/28-30-01-2020-genua-wlochy-miedzynarodowe-spotkanie/">28 stycznia 2020, Genua, Włochy, Spotkanie międzynarodowe</a><br />
<a href="https://bruksela.lodzkie.pl/nasze-projekty/i-care-smart-lodzkie/spotkanie-regionalne-grupy-task4/">23 lipca 2020, Spotkanie regionalne – grupy TASK4</a><br />
<a href="https://www.facebook.com/icare.smart.ue/">23 lipca 2020, 26-27 kwietnia 2022, Bruksela, Belgia, Konferencja podsumowująca Projekt</a></p>
<p><strong>&nbsp;</strong></p>
<div class="margin-ten no-margin-lr clearfix"><h1 class="alt-font heading-style1 brando_heading_1501069500-2-91">Dokumenty opracowane w ramach projektu</h1></div><ul>
<li>Publikacje Projektu I-CARE-SMART, wersja językowa polska: Podręcznik „Metoda Co-creation”; Podręcznik „Seniorzy i biznes”</li>
<li>Publikacje Projektu I-CARE-SMART, wersja językowa angielska: <a href="https://programme2014-20.interreg-central.eu/Content.Node/I-CARE-SMART.html">https://programme2014-20.interreg-central.eu/Content.Node/I-CARE-SMART.html</a></li>
<li>Broszura Projektu I-CARE-SMART „Inteligentne rozwiązania dla osób starszych”</li>
</ul>
</div></div></div></div></div></section></div></div></section>

<p>&nbsp; Cel projektuCelem projektu I –CARE-SMART było budowanie i wzmacnianie współpracy z organizacjami, które są w stanie dostarczać najnowocześniejsze rozwiązania technologiczne w zakresie opieki zdrowotnej i opieki społecznej dla osób starszych. &nbsp; RezultatyW ramach projektu stworzono ponadnarodową otwartą platformę innowacji dla inteligentnej opieki nad osobami starszymi m.in. system powiadamiania służb ratunkowych, opieki koordynowanej, teleopieki i [&hellip;]</p>
