{"id":7407,"date":"2020-02-26T15:38:56","date_gmt":"2020-02-26T14:38:56","guid":{"rendered":"https:\/\/bruksela.lodzkie.pl\/?page_id=7407"},"modified":"2020-02-26T16:10:44","modified_gmt":"2020-02-26T15:10:44","slug":"28-30-01-2020-genua-wlochy-miedzynarodowe-spotkanie","status":"publish","type":"page","link":"https:\/\/bruksela.lodzkie.pl\/fr\/28-30-01-2020-genua-wlochy-miedzynarodowe-spotkanie\/","title":{"rendered":"(Polski) 28-30.01.2020 Genua, W\u0142ochy &#8211; mi\u0119dzynarodowe spotkanie"},"content":{"rendered":"<section ><div class=\"container\"><div class=\"row\"><div class=\"wpb_column vc_column_container col-sm-12  col-xs-mobile-fullwidth\"><div class=\"vc-column-innner-wrapper\"><div class=\"wpd-innner-wrapper\"><p>&nbsp;<\/p>\n<p style=\"text-align: justify;\"><strong>Wzajemne uczenie si\u0119 od siebie, wspieranie kreatywno\u015bci i wsp\u00f3\u0142dzielenie wiedzy \u2013 bo razem mo\u017cemy wi\u0119cej<\/strong><\/p>\n<p style=\"text-align: justify;\">W dniach 28-30 stycznia 2020 r. w Genua (W\u0142ochy) odby\u0142o si\u0119 kolejne spotkanie w ramach mi\u0119dzynarodowego projektu \u201eInnowacyjny ekosystem w zakresie inteligentnej opieki nad osobami starszymi\u201d.&nbsp; G\u0142\u00f3wnym celem by\u0142o przedstawienie wynik\u00f3w regionalnych bada\u0144 nad potrzebami os\u00f3b starszych oraz otwarto\u015bci\u0105 firm na wsp\u00f3\u0142prac\u0119 z nimi w zakresie tworzenia innowacyjnych us\u0142ug<br \/>\ni towar\u00f3w.<\/p>\n<p style=\"text-align: justify;\">Badania w poszczeg\u00f3lnych regionach w Polsce, Czechach, S\u0142owacji, W\u0142oszech, Austrii i W\u0119grzech opiera\u0142y si\u0119 na podstawie jednakowej metodologii. W ramach analizy regionalnej partnerzy zorganizowali dwa wywiady eksperckie, dwa wywiady grupowe z osobami starszymi oraz jeden z grup\u0105 fokusow\u0105 z krewnymi sprawuj\u0105cymi opiek\u0119 i specjalistami pracuj\u0105cymi z osobami starszymi w regionie. Ponadto, wszyscy partnerzy przeprowadzili badanie \u017ar\u00f3de\u0142 wt\u00f3rnych (desk research) w celu poznania podstawowych fakt\u00f3w na temat sytuacji \u017cyciowej os\u00f3b starszych w zainteresowanych krajach.<\/p>\n<p style=\"text-align: justify;\">Przeprowadzono:<\/p>\n<ul style=\"text-align: justify;\">\n<li>18 grupowych wywiad\u00f3w fokusowych z osobami starszymi (81 uczestnik\u00f3w),<\/li>\n<li>7 grup fokusowych z osobami formalnymi i nieformalnymi pracuj\u0105cymi z osobami starszymi (56 uczestnik\u00f3w),<\/li>\n<li>12 indywidualnych wywiad\u00f3w ekspert\u00f3w z organizacjami (13 uczestnik\u00f3w).<\/li>\n<\/ul>\n<p style=\"text-align: justify;\">Podstawowym wnioskiem jest fakt nie traktowania os\u00f3b starszych jako grupy homogenicznej. Sytuacja senior\u00f3w jest zr\u00f3\u017cnicowana ze wzgl\u0119du na ich wiek (inne s\u0105 potrzeby os\u00f3b 60+, a inne 80+), stan zdrowia, doch\u00f3d, umiej\u0119tno\u015bci komputerowe, otwarto\u015b\u0107 na nowe technologie.<\/p>\n<p style=\"text-align: justify;\">Podczas spotkania dzielono si\u0119 tak\u017ce dobrymi praktykami dotycz\u0105cymi zaanga\u017cowania os\u00f3b starszych.<\/p>\n<p style=\"text-align: justify;\">&nbsp;W wi\u0119kszo\u015bci region\u00f3w doceniona jest rola centralnego centrum informacyjnego w zakresie opieki. Jednym z nich jest Call Center dla aktywnego starzenia si\u0119 w Ligurii, kt\u00f3re dzia\u0142a od 15 lipca 2019 r. Regionalne centrum telefoniczne jest us\u0142ug\u0105 informacyjn\u0105 i opieku\u0144cz\u0105 dla os\u00f3b starszych i ich rodzin. Dzi\u0119ki centrum mo\u017cna uzyska\u0107 informacje dotycz\u0105ce mi\u0119dzy innymi:<\/p>\n<ul style=\"text-align: justify;\">\n<li>porad dotycz\u0105ce post\u0119powania w przypadku fal upa\u0142\u00f3w lub innych sytuacji kryzysowych zwi\u0105zanych z klimatem,<\/li>\n<li>us\u0142ug socjalnych, zdrowotnych i socjalnych,<\/li>\n<li>organizacji czasu wolnego i \u017cycia spo\u0142ecznego (wydarze\u0144 spo\u0142eczno-kulturalne, propozycji dom\u00f3w kultury).<\/li>\n<\/ul>\n<p style=\"text-align: justify;\">Podobne rozwi\u0105zanie istnieje w Czechach. Centrum Opieki Nieformalnej&nbsp; to projekt finansowany przez EFS w Instytucie Us\u0142ug Spo\u0142ecznych Praga 4. Multidyscyplinarny zesp\u00f3\u0142 zapewnia pe\u0142ne doradztwo, edukacj\u0119 i praktyczne wskaz\u00f3wki dla nieformalnych opiekun\u00f3w. Jego us\u0142ugi s\u0105 bezpo\u015brednio zwi\u0105zane z innymi dzia\u0142aniami opieku\u0144czymi instytutu (o\u015brodka opieki zast\u0119pczej, o\u015brodka opieki dziennej, us\u0142ug opieki ambulatoryjnej). Multidyscyplinarny zesp\u00f3\u0142 udziela porad w kwestiach finansowych, prawnych, spo\u0142ecznych, psychologicznych i zapewnia szkolenia dla opiekun\u00f3w.<\/p>\n<p style=\"text-align: justify;\">Podczas spotkania w Geniu wskazano tak\u017ce wa\u017cne bariery wsp\u00f3\u0142pracy przedsi\u0119biorstw z podmiotami ich otoczenia. Do g\u0142\u00f3wnych mo\u017cna zaliczy\u0107: brak wiedzy na temat kooperacji i korzy\u015bci z tym zwi\u0105zanych, trudno\u015bci ze znalezieniem odpowiednich partner\u00f3w, utrudnione mo\u017cliwo\u015bci finansowe, ograniczone zaufanie. Zaanga\u017cowanie ostatecznych u\u017cytkownik\u00f3w produkt\u00f3w w ich kreowanie ma jednak zdecydowan\u0105 korzy\u015b\u0107 dla interesariuszy i przedsi\u0119biorstw. Spe\u0142nienie oczekiwa\u0144 klient\u00f3w przek\u0142ada si\u0119 na zysk finansowy. Co-creation to bowiem wzajemne uczenie si\u0119 od siebie, wspieranie kreatywno\u015bci i wsp\u00f3\u0142dzielenie wiedzy.<\/p>\n<p>[Best_Wordpress_Gallery id=\"47\" gal_title=\"Genua 28-30.01.20\"]<\/p>\n<\/div><\/div><\/div><\/div><\/div><\/section>\n","protected":false},"excerpt":{"rendered":"<p>&nbsp; Wzajemne uczenie si\u0119 od siebie, wspieranie kreatywno\u015bci i wsp\u00f3\u0142dzielenie wiedzy \u2013 bo razem mo\u017cemy wi\u0119cej W dniach 28-30 stycznia 2020 r. w Genua (W\u0142ochy) odby\u0142o si\u0119 kolejne spotkanie w ramach mi\u0119dzynarodowego projektu \u201eInnowacyjny ekosystem w zakresie inteligentnej opieki nad osobami starszymi\u201d.&nbsp; G\u0142\u00f3wnym celem by\u0142o przedstawienie wynik\u00f3w regionalnych bada\u0144 nad potrzebami os\u00f3b starszych oraz otwarto\u015bci\u0105 [&hellip;]<\/p>\n","protected":false},"author":15,"featured_media":0,"parent":0,"menu_order":0,"comment_status":"closed","ping_status":"closed","template":"","meta":{"_acf_changed":false,"footnotes":""},"class_list":["post-7407","page","type-page","status-publish","hentry"],"acf":[],"_links":{"self":[{"href":"https:\/\/bruksela.lodzkie.pl\/fr\/wp-json\/wp\/v2\/pages\/7407","targetHints":{"allow":["GET"]}}],"collection":[{"href":"https:\/\/bruksela.lodzkie.pl\/fr\/wp-json\/wp\/v2\/pages"}],"about":[{"href":"https:\/\/bruksela.lodzkie.pl\/fr\/wp-json\/wp\/v2\/types\/page"}],"author":[{"embeddable":true,"href":"https:\/\/bruksela.lodzkie.pl\/fr\/wp-json\/wp\/v2\/users\/15"}],"replies":[{"embeddable":true,"href":"https:\/\/bruksela.lodzkie.pl\/fr\/wp-json\/wp\/v2\/comments?post=7407"}],"version-history":[{"count":2,"href":"https:\/\/bruksela.lodzkie.pl\/fr\/wp-json\/wp\/v2\/pages\/7407\/revisions"}],"predecessor-version":[{"id":7425,"href":"https:\/\/bruksela.lodzkie.pl\/fr\/wp-json\/wp\/v2\/pages\/7407\/revisions\/7425"}],"wp:attachment":[{"href":"https:\/\/bruksela.lodzkie.pl\/fr\/wp-json\/wp\/v2\/media?parent=7407"}],"curies":[{"name":"wp","href":"https:\/\/api.w.org\/{rel}","templated":true}]}}

(Polski) 28-30.01.2020 Genua, Włochy &#8211; międzynarodowe spotkanie

<section ><div class="container"><div class="row"><div class="wpb_column vc_column_container col-sm-12  col-xs-mobile-fullwidth"><div class="vc-column-innner-wrapper"><div class="wpd-innner-wrapper"><p>&nbsp;</p>
<p style="text-align: justify;"><strong>Wzajemne uczenie się od siebie, wspieranie kreatywności i współdzielenie wiedzy – bo razem możemy więcej</strong></p>
<p style="text-align: justify;">W dniach 28-30 stycznia 2020 r. w Genua (Włochy) odbyło się kolejne spotkanie w ramach międzynarodowego projektu „Innowacyjny ekosystem w zakresie inteligentnej opieki nad osobami starszymi”.&nbsp; Głównym celem było przedstawienie wyników regionalnych badań nad potrzebami osób starszych oraz otwartością firm na współpracę z nimi w zakresie tworzenia innowacyjnych usług<br />
i towarów.</p>
<p style="text-align: justify;">Badania w poszczególnych regionach w Polsce, Czechach, Słowacji, Włoszech, Austrii i Węgrzech opierały się na podstawie jednakowej metodologii. W ramach analizy regionalnej partnerzy zorganizowali dwa wywiady eksperckie, dwa wywiady grupowe z osobami starszymi oraz jeden z grupą fokusową z krewnymi sprawującymi opiekę i specjalistami pracującymi z osobami starszymi w regionie. Ponadto, wszyscy partnerzy przeprowadzili badanie źródeł wtórnych (desk research) w celu poznania podstawowych faktów na temat sytuacji życiowej osób starszych w zainteresowanych krajach.</p>
<p style="text-align: justify;">Przeprowadzono:</p>
<ul style="text-align: justify;">
<li>18 grupowych wywiadów fokusowych z osobami starszymi (81 uczestników),</li>
<li>7 grup fokusowych z osobami formalnymi i nieformalnymi pracującymi z osobami starszymi (56 uczestników),</li>
<li>12 indywidualnych wywiadów ekspertów z organizacjami (13 uczestników).</li>
</ul>
<p style="text-align: justify;">Podstawowym wnioskiem jest fakt nie traktowania osób starszych jako grupy homogenicznej. Sytuacja seniorów jest zróżnicowana ze względu na ich wiek (inne są potrzeby osób 60+, a inne 80+), stan zdrowia, dochód, umiejętności komputerowe, otwartość na nowe technologie.</p>
<p style="text-align: justify;">Podczas spotkania dzielono się także dobrymi praktykami dotyczącymi zaangażowania osób starszych.</p>
<p style="text-align: justify;">&nbsp;W większości regionów doceniona jest rola centralnego centrum informacyjnego w zakresie opieki. Jednym z nich jest Call Center dla aktywnego starzenia się w Ligurii, które działa od 15 lipca 2019 r. Regionalne centrum telefoniczne jest usługą informacyjną i opiekuńczą dla osób starszych i ich rodzin. Dzięki centrum można uzyskać informacje dotyczące między innymi:</p>
<ul style="text-align: justify;">
<li>porad dotyczące postępowania w przypadku fal upałów lub innych sytuacji kryzysowych związanych z klimatem,</li>
<li>usług socjalnych, zdrowotnych i socjalnych,</li>
<li>organizacji czasu wolnego i życia społecznego (wydarzeń społeczno-kulturalne, propozycji domów kultury).</li>
</ul>
<p style="text-align: justify;">Podobne rozwiązanie istnieje w Czechach. Centrum Opieki Nieformalnej&nbsp; to projekt finansowany przez EFS w Instytucie Usług Społecznych Praga 4. Multidyscyplinarny zespół zapewnia pełne doradztwo, edukację i praktyczne wskazówki dla nieformalnych opiekunów. Jego usługi są bezpośrednio związane z innymi działaniami opiekuńczymi instytutu (ośrodka opieki zastępczej, ośrodka opieki dziennej, usług opieki ambulatoryjnej). Multidyscyplinarny zespół udziela porad w kwestiach finansowych, prawnych, społecznych, psychologicznych i zapewnia szkolenia dla opiekunów.</p>
<p style="text-align: justify;">Podczas spotkania w Geniu wskazano także ważne bariery współpracy przedsiębiorstw z podmiotami ich otoczenia. Do głównych można zaliczyć: brak wiedzy na temat kooperacji i korzyści z tym związanych, trudności ze znalezieniem odpowiednich partnerów, utrudnione możliwości finansowe, ograniczone zaufanie. Zaangażowanie ostatecznych użytkowników produktów w ich kreowanie ma jednak zdecydowaną korzyść dla interesariuszy i przedsiębiorstw. Spełnienie oczekiwań klientów przekłada się na zysk finansowy. Co-creation to bowiem wzajemne uczenie się od siebie, wspieranie kreatywności i współdzielenie wiedzy.</p>
<p>[Best_Wordpress_Gallery id="47" gal_title="Genua 28-30.01.20"]</p>
</div></div></div></div></div></section>

<p>&nbsp; Wzajemne uczenie się od siebie, wspieranie kreatywności i współdzielenie wiedzy – bo razem możemy więcej W dniach 28-30 stycznia 2020 r. w Genua (Włochy) odbyło się kolejne spotkanie w ramach międzynarodowego projektu „Innowacyjny ekosystem w zakresie inteligentnej opieki nad osobami starszymi”.&nbsp; Głównym celem było przedstawienie wyników regionalnych badań nad potrzebami osób starszych oraz otwartością [&hellip;]</p>
